{"id":6490,"date":"2020-11-04T18:52:01","date_gmt":"2020-11-04T17:52:01","guid":{"rendered":"http:\/\/domainelaportedoree.com\/?page_id=6490"},"modified":"2026-01-20T13:01:13","modified_gmt":"2026-01-20T12:01:13","slug":"accueil","status":"publish","type":"page","link":"https:\/\/domainelaportedoree.com\/","title":{"rendered":"ACCUEIL"},"content":{"rendered":"\n<figure class=\"wp-block-image size-large\"><img loading=\"lazy\" width=\"1024\" height=\"384\" src=\"http:\/\/domainelaportedoree.com\/wp-content\/uploads\/2021\/02\/Dessin-nu-2-1-1024x384.jpg\" alt=\"\" class=\"wp-image-6613\" srcset=\"https:\/\/domainelaportedoree.com\/wp-content\/uploads\/2021\/02\/Dessin-nu-2-1-1024x384.jpg 1024w, https:\/\/domainelaportedoree.com\/wp-content\/uploads\/2021\/02\/Dessin-nu-2-1-300x113.jpg 300w, https:\/\/domainelaportedoree.com\/wp-content\/uploads\/2021\/02\/Dessin-nu-2-1-768x288.jpg 768w, https:\/\/domainelaportedoree.com\/wp-content\/uploads\/2021\/02\/Dessin-nu-2-1-1536x576.jpg 1536w, https:\/\/domainelaportedoree.com\/wp-content\/uploads\/2021\/02\/Dessin-nu-2-1.jpg 1600w\" sizes=\"(max-width: 767px) 89vw, (max-width: 1000px) 54vw, (max-width: 1071px) 543px, 580px\" \/><\/figure>\n\n\n\n<h2 class=\"has-text-color\" style=\"color:#890189\"><strong>Produire des nourritures qui soutiennent la vie<\/strong><\/h2>\n\n\n\n<p><strong>Quand on arrive au Domaine La Porte Dor\u00e9e,  on y voit d&#8217;abord  la terre et les vignes. <\/strong>                            La vigne est cultiv\u00e9e ici depuis 1994, convertie en bio en 2008, en biodynamie en 2016.<\/p>\n\n\n\n<p><strong>Au milieu des vignes nous avons mont\u00e9 une confiturerie et une conserverie. &nbsp;<\/strong>Nous y transformons des fruits et l\u00e9gumes, en confitures, compotes, cr\u00e8mes de ch\u00e2taigne, p\u00e2te \u00e0 tartiner, soupes, ratatouilles, tartinables, coulis, jus,\u2026.&nbsp; Nous travaillons de mani\u00e8re artisanale avec des recettes qui pr\u00e9servent au maximum les propri\u00e9t\u00e9s nutritives et les saveurs des fruits et l\u00e9gumes. Sans conservateur, sans ajout.<\/p>\n\n\n\n<div class=\"wp-block-columns\">\n<div class=\"wp-block-column\" style=\"flex-basis:66.66%\">\n<p style=\"line-height:1.4\"><strong>Les fruits et l\u00e9gumes sont bio.<\/strong>                                                      Ils sont locaux, frais et entiers chaque fois que possible, car il nous tient \u00e0 c\u0153ur d&#8217;\u00eatre aux c\u00f4t\u00e9s des producteurs de notre r\u00e9gion. Nous croyons \u00e0 l&#8217;importance d&#8217;une alimentation saine et locale, proche du champ et du consommateur.<\/p>\n\n\n\n<p><strong>En tant que transformateur, nous sommes engag\u00e9s sur l\u2019enjeu essentiel de la r\u00e9silience alimentaire locale, saine et durable.<\/strong><\/p>\n\n\n\n<p>A ce titre, notre <strong>conserverie est ouverte<\/strong> sur le territoire. Ce qui veut dire que nous sommes au service des maraichers et arboriculteurs locaux, qui nous apportent leurs fruits et l\u00e9gumes pour que nous les transformions en conserves. Cela \u00e9vite le gaspillage et les pertes, cela apporte de la valeur ajout\u00e9e \u00e0 leur production, et leur permet de proposer des conserves \u00e0 leurs clients.<\/p>\n\n\n\n<p>Par ailleurs, nous sommes acteur du Plan Alimentaire Territorial (PAT) du Pays des Ch\u00e2teaux. <\/p>\n<\/div>\n\n\n\n<div class=\"wp-block-column\" style=\"flex-basis:33.33%\">\n<figure class=\"wp-block-image size-large is-resized\"><img loading=\"lazy\" src=\"http:\/\/domainelaportedoree.com\/wp-content\/uploads\/2021\/02\/logos-bio-sans-certifie.png\" alt=\"\" class=\"wp-image-6707\" width=\"107\" height=\"76\" srcset=\"https:\/\/domainelaportedoree.com\/wp-content\/uploads\/2021\/02\/logos-bio-sans-certifie.png 350w, https:\/\/domainelaportedoree.com\/wp-content\/uploads\/2021\/02\/logos-bio-sans-certifie-300x214.png 300w\" sizes=\"(max-width: 107px) 100vw, 107px\" \/><\/figure>\n<\/div>\n<\/div>\n\n\n\n<p style=\"line-height:1.3\"><strong>Nous avons aussi vocation \u00e0 accueillir, rencontrer, partager.<\/strong><\/p>\n\n\n\n<p style=\"line-height:1.3\"><strong>Notre grande salle de 300 m2<\/strong> avec sa terrasse sur les vignes accueille s\u00e9minaires, rencontres, conf\u00e9rences, spectacles, mariages, f\u00eates.<\/p>\n\n\n\n<p>Une boutique et deux g\u00eetes dans les vignes, compl\u00e8tent l&#8217;ensemble.<\/p>\n\n\n\n<div class=\"wp-block-columns\">\n<div class=\"wp-block-column\" style=\"flex-basis:25%\">\n<figure class=\"wp-block-image size-large is-resized\"><img loading=\"lazy\" src=\"http:\/\/domainelaportedoree.com\/wp-content\/uploads\/2021\/06\/Domaine-feuille-salle-1024x768.jpg\" alt=\"\" class=\"wp-image-6998\" width=\"221\" height=\"165\" srcset=\"https:\/\/domainelaportedoree.com\/wp-content\/uploads\/2021\/06\/Domaine-feuille-salle-1024x768.jpg 1024w, https:\/\/domainelaportedoree.com\/wp-content\/uploads\/2021\/06\/Domaine-feuille-salle-300x225.jpg 300w, https:\/\/domainelaportedoree.com\/wp-content\/uploads\/2021\/06\/Domaine-feuille-salle-768x576.jpg 768w, https:\/\/domainelaportedoree.com\/wp-content\/uploads\/2021\/06\/Domaine-feuille-salle-1536x1152.jpg 1536w, https:\/\/domainelaportedoree.com\/wp-content\/uploads\/2021\/06\/Domaine-feuille-salle-2048x1536.jpg 2048w\" sizes=\"(max-width: 221px) 100vw, 221px\" \/><\/figure>\n<\/div>\n\n\n\n<div class=\"wp-block-column\" style=\"flex-basis:50%\">\n<figure class=\"wp-block-image size-large\"><img loading=\"lazy\" width=\"1024\" height=\"768\" src=\"http:\/\/domainelaportedoree.com\/wp-content\/uploads\/2021\/06\/Allee-vers-salle-plus-pres-juin21-1024x768.jpg\" alt=\"\" class=\"wp-image-6992\" srcset=\"https:\/\/domainelaportedoree.com\/wp-content\/uploads\/2021\/06\/Allee-vers-salle-plus-pres-juin21-1024x768.jpg 1024w, https:\/\/domainelaportedoree.com\/wp-content\/uploads\/2021\/06\/Allee-vers-salle-plus-pres-juin21-300x225.jpg 300w, https:\/\/domainelaportedoree.com\/wp-content\/uploads\/2021\/06\/Allee-vers-salle-plus-pres-juin21-768x576.jpg 768w, https:\/\/domainelaportedoree.com\/wp-content\/uploads\/2021\/06\/Allee-vers-salle-plus-pres-juin21-1536x1152.jpg 1536w, https:\/\/domainelaportedoree.com\/wp-content\/uploads\/2021\/06\/Allee-vers-salle-plus-pres-juin21-2048x1536.jpg 2048w\" sizes=\"(max-width: 767px) 89vw, (max-width: 1000px) 54vw, (max-width: 1071px) 543px, 580px\" \/><\/figure>\n<\/div>\n\n\n\n<div class=\"wp-block-column\" style=\"flex-basis:25%\">\n<figure class=\"wp-block-image size-large is-resized\"><img loading=\"lazy\" src=\"http:\/\/domainelaportedoree.com\/wp-content\/uploads\/2021\/03\/Vignes-devant-1024x684.jpg\" alt=\"\" class=\"wp-image-6963\" width=\"194\" height=\"129\" srcset=\"https:\/\/domainelaportedoree.com\/wp-content\/uploads\/2021\/03\/Vignes-devant-1024x684.jpg 1024w, https:\/\/domainelaportedoree.com\/wp-content\/uploads\/2021\/03\/Vignes-devant-300x200.jpg 300w, https:\/\/domainelaportedoree.com\/wp-content\/uploads\/2021\/03\/Vignes-devant-768x513.jpg 768w, https:\/\/domainelaportedoree.com\/wp-content\/uploads\/2021\/03\/Vignes-devant-1536x1027.jpg 1536w, https:\/\/domainelaportedoree.com\/wp-content\/uploads\/2021\/03\/Vignes-devant.jpg 1616w\" sizes=\"(max-width: 194px) 100vw, 194px\" \/><\/figure>\n<\/div>\n<\/div>\n\n\n\n<ul class=\"wp-block-social-links\"><li class=\"wp-social-link wp-social-link-facebook\"><a href=\"https:\/\/www.facebook.com\/profile.php?id=100090616269406\" aria-label=\"Facebook\"> <svg width=\"24\" height=\"24\" viewBox=\"0 0 24 24\" version=\"1.1\" xmlns=\"http:\/\/www.w3.org\/2000\/svg\" role=\"img\" aria-hidden=\"true\" focusable=\"false\"><path d=\"M12 2C6.5 2 2 6.5 2 12c0 5 3.7 9.1 8.4 9.9v-7H7.9V12h2.5V9.8c0-2.5 1.5-3.9 3.8-3.9 1.1 0 2.2.2 2.2.2v2.5h-1.3c-1.2 0-1.6.8-1.6 1.6V12h2.8l-.4 2.9h-2.3v7C18.3 21.1 22 17 22 12c0-5.5-4.5-10-10-10z\"><\/path><\/svg><\/a><\/li>\n\n\n\n\n\n\n\n\n\n<\/ul>\n\n\n\n<p>Notre Page Facebook<\/p>\n\n\n\n<p><\/p>\n","protected":false},"excerpt":{"rendered":"<p>Produire des nourritures qui soutiennent la vie Quand on arrive au Domaine La Porte Dor\u00e9e, on y voit d&#8217;abord la terre et les vignes. La vigne est cultiv\u00e9e ici depuis 1994, convertie en bio en 2008, en biodynamie en 2016. Au milieu des vignes nous avons mont\u00e9 une confiturerie et une conserverie. &nbsp;Nous y transformons &hellip; <\/p>\n<p class=\"link-more\"><a href=\"https:\/\/domainelaportedoree.com\/\" class=\"more-link\">Continue reading<span class=\"screen-reader-text\"> &#8220;ACCUEIL&#8221;<\/span><\/a><\/p>\n","protected":false},"author":1,"featured_media":0,"parent":0,"menu_order":0,"comment_status":"closed","ping_status":"closed","template":"","meta":[],"_links":{"self":[{"href":"https:\/\/domainelaportedoree.com\/index.php\/wp-json\/wp\/v2\/pages\/6490"}],"collection":[{"href":"https:\/\/domainelaportedoree.com\/index.php\/wp-json\/wp\/v2\/pages"}],"about":[{"href":"https:\/\/domainelaportedoree.com\/index.php\/wp-json\/wp\/v2\/types\/page"}],"author":[{"embeddable":true,"href":"https:\/\/domainelaportedoree.com\/index.php\/wp-json\/wp\/v2\/users\/1"}],"replies":[{"embeddable":true,"href":"https:\/\/domainelaportedoree.com\/index.php\/wp-json\/wp\/v2\/comments?post=6490"}],"version-history":[{"count":67,"href":"https:\/\/domainelaportedoree.com\/index.php\/wp-json\/wp\/v2\/pages\/6490\/revisions"}],"predecessor-version":[{"id":7721,"href":"https:\/\/domainelaportedoree.com\/index.php\/wp-json\/wp\/v2\/pages\/6490\/revisions\/7721"}],"wp:attachment":[{"href":"https:\/\/domainelaportedoree.com\/index.php\/wp-json\/wp\/v2\/media?parent=6490"}],"curies":[{"name":"wp","href":"https:\/\/api.w.org\/{rel}","templated":true}]}}